24 + 131*j**3/6 + 34*j**2. What are the prime factors of x(0)?
131
Let w = 7099 + -2947. What are the prime factors of w?
2, 3, 173
Let f(y) = -y**2 - 16*y - 60. Let q be f(-8). Suppose q*d = 4*z + 760, -2*d + 4*z = 29 - 399. What are the prime factors of d?
3, 5, 13
Suppose 4*y - 2*c + 276 = 0, 207 = -3*y + 3*c - c. Let k = -24 - y. What are the prime factors of k?
3, 5
Suppose 3*h - 7*h + 20 = 0. Suppose -h*l + 5*f = 30, -4*l - 5*f = 25 + 8. Let u(q) = -q + 6. What are the prime factors of u(l)?
13
Suppose 0*y - 85 = -5*y. Let l = 44 + y. List the prime factors of l.
61
Suppose 4 = 2*m, 4*z - 2*m - 1990 = -m. List the prime factors of z.
2, 3, 83
Let u(y) = 4*y + 10. Suppose 2*w + 7 = 3, 3*w = 4*l - 42. List the prime factors of u(l).
2, 23
Let c = 685 - 1121. List the prime factors of (-5)/((-30)/c)*6/(-4).
109
Let s(a) = 4*a**2 - 4*a + 5. Let w be s(6). Suppose g - 85 - w = 5*f, 0 = 5*g + 4*f - 992. What are the prime factors of g?
2, 5
Let l = 1444 + -922. List the prime factors of l.
2, 3, 29
Let k(v) = -v**3 + v**2 - v + 32. Let u be k(0). Suppose 3*y = 22 + u. What are the prime factors of y?
2, 3
Let u be 20 - (14/(-6) - (-1)/3). Suppose -2*m + 124 - u = 0. List the prime factors of m.
3, 17
Suppose -4*l - 4*m + 2104 = 0, -5*l + 5*m + 62 = -2618. Let y = l + -353. What are the prime factors of y?
2, 89
Suppose -193*b + 194*b - 177 = 0. List the prime factors of b.
3, 59
Let a be ((-8)/6)/((-6)/45). Suppose 3*w - a = -1. Suppose -2*k = w*v - 111 - 4, 0 = -3*v + 2*k + 107. What are the prime factors of v?
37
Let u = 17 - 8. Let s(x) = x**3 + x - 1. Let o be s(2). Let a = u + o. List the prime factors of a.
2, 3
Suppose 371 = m - p, 0*p = -2*p + 2. What are the prime factors of m?
2, 3, 31
Let o(s) = -82*s - 187. What are the prime factors of o(-26)?
5, 389
Suppose -29*c + 26*c - 9 = 0. What are the prime factors of ((-1)/c)/((-7)/(-42))?
2
Let z be (-20 - 1)/((-15)/(-30)). Let v = z + 127. List the prime factors of v.
5, 17
Suppose 16 + 35 = 4*b + 3*z, -2*z = 4*b - 50. Suppose b = -5*g - 3. Let w(i) = -3*i - 1. List the prime factors of w(g).
2
Suppose r = 4*t - r + 52, 5*t + 5*r = -50. Let l be (-6)/t + 122/(-4). Let a = l + 60. What are the prime factors of a?
2, 3, 5
Let w = 1518 + -931. List the prime factors of w.
587
Let k be (-2 - (-24)/15)*5. List the prime factors of 2 + 633/9 - k/3.
73
Suppose 0 = -3*n - 2*h + 1395, 4*n - 1867 = 27*h - 32*h. List the prime factors of n.
463
Let t be (20/25)/(2/5). Suppose 4*g - 176 = -4*s + t*s, -254 = -3*s + 4*g. What are the prime factors of s?
2, 43
Let r(b) = 16*b + 1. Let l(u) = -2*u - 9. Let y be l(-6). Let x be r(y). Let s = -24 + x. List the prime factors of s.
5
Suppose 0 = -27*p + 25*p + 26. Suppose 2*y = -4*h + 11 + p, 3*y = -3*h + 48. What are the prime factors of y?
2, 5
Suppose -4*k = -2*m + 24, 3*m + 0*m - 4*k - 26 = 0. Suppose 2*a + m*g - 136 = 0, 3*a - 376 = -2*a + 4*g. What are the prime factors of a?
2, 3
Let g be 7/(1/(4 - 3)). Suppose -b = -26 - g. List the prime factors of b/(-6)*(-3 - -1).
11
Suppose 0 = -r - 138 + 25. Let s = 175 + r. List the prime factors of s.
2, 31
Suppose -q = -2*r - 10, 0*q - 5*r = -3*q + 27. Suppose -5*i - 16 - 5 = -s, q*s - 4 = 0. List the prime factors of 520/90 - i/18.
2, 3
Let d(x) = x**2 + x - 17. What are the prime factors of d(23)?
5, 107
Let l(k) = -152*k - 91. What are the prime factors of l(-16)?
2341
Let n be 9*4/60 + 24/10. What are the prime factors of 15*(335/n)/5?
5, 67
Let j = 199 + 48. List the prime factors of j.
13, 19
Let p = 50 - -16. Suppose -2*h - p = -t + h, -t = 3*h - 48. List the prime factors of t.
3, 19
Let p(y) = 2*y**3 - 24*y**2 - 25*y - 9. List the prime factors of p(15).
2, 3, 7, 23
Suppose -5*m - x = -233 + 55, 0 = -3*m + 2*x + 99. List the prime factors of m.
5, 7
Let x = -456 - -1153. List the prime factors of x.
17, 41
Let u(i) = i + 7. Let v be u(8). List the prime factors of 4/(-10) + 201/v.
13
Suppose 2*h = -0 + 2. Suppose 5*t - 5 = a + h, 2*a + 4*t - 44 = 0. Let l = 13 + a. List the prime factors of l.
3
Let g = -1234 - -1804. What are the prime factors of g?
2, 3, 5, 19
Let l = 2058 + -1035. What are the prime factors of l/22*(0 - (-2)/3)?
31
Let a be -4 - -24 - (-20)/5. Let h = a - -26. List the prime factors of h.
2, 5
Let p(u) = u + 15. Let h be p(-11). Let n(a) = -a**3 + 5*a**2 + 2. Let y be n(h). List the prime factors of -1 + 1 + 1 + y.
19
List the prime factors of -2 + 2932 + 42/6.
3, 11, 89
Let g(h) = -16*h - 4. Let f be (2/(-6))/(5/75). Let c be g(f). Suppose -q = -5*q + c. List the prime factors of q.
19
Suppose 144*d - 492 = 140*d. List the prime factors of d.
3, 41
Let y(b) = 13*b**2 - 3*b + 77. List the prime factors of y(-11).
3, 11, 17
Suppose -3*a + 1410 = a + 5*g, 0 = -5*a + 4*g + 1783. What are the prime factors of a?
5, 71
Let m = -379 + 433. List the prime factors of m.
2, 3
Let t be -2*(-25 - (4 + 0)). List the prime factors of t - -3*(5 - 4).
61
Let h = 39 - 19. Let a(k) = -k**3 + 12*k**2 - 11*k + 2. Let n be a(11). Suppose -n*u + h = -70. What are the prime factors of u?
3, 5
Suppose 0 = 2*z + 5*z - 1050. Suppose -5*h - z = -2*f, 19 = -2*h - 5*f - 41. List the prime factors of (h/8)/(36/(-96)).
2, 5
Let r = -33 + 58. Suppose 2*d - r = 67. List the prime factors of d.
2, 23
Let k be (6/8)/((-6)/24). Let z(o) = o**2 - 3*o - 1. Let j be z(5). Let n = j + k. What are the prime factors of n?
2, 3
Suppose 5 + 3 = 2*t. Suppose -t*j - 2 = 2*s - 0, -3*j = -s + 9. Suppose 7*c = s*c + 8. List the prime factors of c.
2
Suppose -2*u = 4, 3*g - 2*g + 3*u = 3. Suppose -4*t = -g - 3. Suppose 0 = -3*a, -2*w = t*w + 3*a - 20. List the prime factors of w.
2
Let l(n) = 7*n**2 + n + 15. Suppose -4*a + 4*k + 9 = -k, 5*k - 33 = -3*a. What are the prime factors of l(a)?
3, 7, 13
Suppose 5*n - 3257 = -3*k, 5*k + 5*n - 5418 = 7*n. What are the prime factors of k?
2, 271
Let p = 76 + -73. List the prime factors of p.
3
Let c(b) = 16 + 6 - 54 + 9*b + 13. What are the prime factors of c(20)?
7, 23
Let o = -142 + 143. What are the prime factors of (o/(-5 - -1))/(4/(-688))?
43
Suppose -5*i = -2*l + 614, 3*l + l = 2*i + 236. Let y(n) = -n**3 + 2*n**2 + 6*n - 43. Let o be y(4). Let q = o - i. What are the prime factors of q?
73
Let h(q) = q**3 - 6*q**2 + 2*q - 10. Let v be h(6). Suppose 0 = v*a + 8, 5*a + 0*a = 3*g - 143. List the prime factors of g.
41
Suppose -15*l + 700 = -l. List the prime factors of l.
2, 5
Let f = 10095 + -7122. List the prime factors of f.
3, 991
Let f(r) = 2*r**3 - 57*r**2 + 43*r + 104. Let n(y) = -y**3 + 29*y**2 - 22*y - 52. Let u(a) = -6*f(a) - 11*n(a). List the prime factors of u(22).
2, 5
Let x(h) = -7*h + 131. What are the prime factors of x(0)?
131
Suppose -269 + 69 = -4*z. Let i = z - 15. Let k = i - -14. List the prime factors of k.
7
Suppose 5 = -j, 4*j + 11 = -6*c + 3*c. Suppose 3*k - 4*y - 643 = 0, c*k + 4*y - 607 = -y. What are the prime factors of k?
11, 19
Let p(v) = 701*v**2 - 23*v + 47. List the prime factors of p(2).
3, 5, 11, 17
Let x = -5 - -8. Let r = -3 + x. Suppose 0 = -3*i - r*i + 51. List the prime factors of i.
17
Suppose -6 = t - 1. Let f = t - -9. Suppose -8 = -m + 2*z - 0, 0 = -f*m - 3*z + 54. List the prime factors of m.
2, 3
Let p = 5 + -1. Suppose -p*q = -5*j + 13, 18 = -q + 2*q + 3*j. Suppose 2*b + 3*b - q*v = 248, -4*b - 4*v = -192. List the prime factors of b.
7
Let a(u) = -35*u - 25. What are the prime factors of a(-14)?
3, 5, 31
Let l(a) = 2*a**3 + 3*a**2 + 4*a + 5. Let h be l(-2). List the prime factors of (76 + 1)*(h/49 + 1).
2, 3, 11
Let b = -743 - -1519. What are the prime factors of b?
2, 97
List the prime factors of (-602)/7*3*(-2)/6.
2, 43
Suppose -3*p = -3*d + 15, p + 6*d - d = 7. Let o(u) = -12*u - 6. List the prime factors of o(p).
2, 3, 5
Let b(j) = -443*j**3 - j**2 - 2*j - 1. What are the prime factors of b(-1)?
443
Suppose -8 = -2*c + 2, 0 = 5*a - 3*c - 5515. List the prime factors of a.
2, 7, 79
Suppose -12 = 4*r, -2*n - 6*r + r + 189 = 0. Suppose -d + n + 129 = 0. Suppose d = 4*x + 3*a, -167 = -3*x + a - 2*a. What are the prime factors of x?
2, 3
Let c(w) = 14*w**3 - 11*w**2 - 32*w + 4. List the prime factors of c(7).
13, 311
Let h = -2 + 7. Suppose -3*m = h*y - y + 23, -2*y = -4*m + 6. List the prime factors of (6 - -6) + m + 3.
2, 7
S